{"id":480,"date":"2017-04-26T14:52:16","date_gmt":"2017-04-26T12:52:16","guid":{"rendered":"http:\/\/www.gatoux.com\/?page_id=480"},"modified":"2017-04-29T16:48:37","modified_gmt":"2017-04-29T14:48:37","slug":"conclusion-routage-ip","status":"publish","type":"page","link":"https:\/\/racine.gatoux.com\/lmdr\/index.php\/conclusion-routage-ip\/","title":{"rendered":"Conclusion Routage IP"},"content":{"rendered":"<p>Et voil\u00e0 ! Pour une introduction au routage, je pense que ce sera suffisant ! Vous pouvez ranger votre bo\u00eete d&rsquo;aspirine et prendre un ap\u00e9ritif bien m\u00e9rit\u00e9 !<\/p>\n<p>En r\u00e9sum\u00e9, nous avons :<\/p>\n<ul>\n<li>\u00c9tudi\u00e9 les avantages et inconv\u00e9nients \u00e0 la mise en place d&rsquo;un <strong>routage statique ou dynamique<\/strong>. Rappelez-vous tout est finalement une question de taille, de type de support et comme toujours d&rsquo;argent !<\/li>\n<li>Abord\u00e9 les diff\u00e9rences conceptuelles entre les <strong>protocoles \u00e0 \u00ab\u00a0vecteurs de distances\u00a0\u00bb et \u00e0 \u00ab\u00a0\u00e9tats de liens\u00a0\u00bb<\/strong>. L&rsquo;un est l\u00e9ger, simple mais limit\u00e9. L&rsquo;autre c&rsquo;est tout l&rsquo;inverse ! Lequel est l\u00e9ger ?<\/li>\n<li>Expliqu\u00e9 les notions de <strong>routage interne et externe<\/strong> ainsi que de <strong>syst\u00e8me autonome<\/strong>. Par contre nous n&rsquo;avons pas \u00e9tudi\u00e9 le routage entre AS qui rel\u00e8ve des protocoles externes (EGP) qui pourront \u00eatre abord\u00e9s dans un cours de routage de niveau 2 ult\u00e9rieur (<em>si je m&rsquo;en sens le courage ! Un peu fain\u00e9ant le gars !<\/em>)<\/li>\n<li>\u00c9tudi\u00e9 pr\u00e9cis\u00e9ment le <strong>principe de fonctionnement de RIP<\/strong> et focalis\u00e9 (<em>c&rsquo;est pas beau !<\/em>) sur ses limites !<\/li>\n<li>Et enfin, <strong>nous avons port\u00e9 au nues OSPF<\/strong> en le sacrant Dieu des IGP (c&rsquo;est pas beau, non plus !). Mais nous n&rsquo;avons qu&rsquo;approch\u00e9 la b\u00eate, elle rec\u00e8le encore de nombreux secrets !<\/li>\n<\/ul>\n<p>Ne vous leurrez pas ! Nous n&rsquo;avons fait qu&rsquo;effleurer les concepts de base du routage ! Il existe encore des tas de subtilit\u00e9s que nous aurons sans doute l&rsquo;occasion d&rsquo;aborder dans de prochains cours. Mais avant de passer au routage de niveau 2 j&rsquo;aimerais aborder deux aspects importants :<\/p>\n<ul>\n<li><strong>la notion de r\u00e9seaux mutualis\u00e9s<\/strong> : Qu&rsquo;est-ce ? Quels avantages et inconv\u00e9nients ? Qui sont-ils ?<\/li>\n<li><strong>les probl\u00e9matique de s\u00e9curisation des raccordements<\/strong> : Comment augmenter la disponibilit\u00e9 d&rsquo;un site ?<\/li>\n<\/ul>\n<p>Deux notions extr\u00eamement importantes en conception de r\u00e9seaux et que nous aborderons \u00e0 travers deux prochains cours. Mais attention, je ne garanti rien sur le d\u00e9lai de livraison ! Alors surveillez r\u00e9guli\u00e8rement les publications sur ce site !<\/p>\n<p>A bient\u00f4t ! Et encore merci de votre visite !<\/p>\n<h5 align=\"center\"><a href=\"http:\/\/www.gatoux.com\/index.php\/ospf-du-bel-ouvrage\/\">Page pr\u00e9c\u00e9dente <\/a>| <a href=\"http:\/\/www.gatoux.com\/index.php\/sommaire-routage-ip\/\">Sommaire<\/a><\/h5>\n","protected":false},"excerpt":{"rendered":"<p>Et voil\u00e0 ! Pour une introduction au routage, je pense que ce sera suffisant ! Vous pouvez ranger votre bo\u00eete d&rsquo;aspirine et prendre un ap\u00e9ritif bien m\u00e9rit\u00e9 ! En r\u00e9sum\u00e9, nous avons : \u00c9tudi\u00e9 les avantages et inconv\u00e9nients \u00e0 la mise en place d&rsquo;un routage statique ou dynamique. Rappelez-vous tout est finalement une question de\u2026 <span class=\"read-more\"><a href=\"https:\/\/racine.gatoux.com\/lmdr\/index.php\/conclusion-routage-ip\/\">Lire la suite &raquo;<\/a><\/span><\/p>\n","protected":false},"author":1,"featured_media":0,"parent":0,"menu_order":40,"comment_status":"closed","ping_status":"closed","template":"","meta":{"_exactmetrics_skip_tracking":false,"_exactmetrics_sitenote_active":false,"_exactmetrics_sitenote_note":"","_exactmetrics_sitenote_category":0,"footnotes":""},"class_list":["post-480","page","type-page","status-publish","hentry"],"_links":{"self":[{"href":"https:\/\/racine.gatoux.com\/lmdr\/index.php\/wp-json\/wp\/v2\/pages\/480","targetHints":{"allow":["GET"]}}],"collection":[{"href":"https:\/\/racine.gatoux.com\/lmdr\/index.php\/wp-json\/wp\/v2\/pages"}],"about":[{"href":"https:\/\/racine.gatoux.com\/lmdr\/index.php\/wp-json\/wp\/v2\/types\/page"}],"author":[{"embeddable":true,"href":"https:\/\/racine.gatoux.com\/lmdr\/index.php\/wp-json\/wp\/v2\/users\/1"}],"replies":[{"embeddable":true,"href":"https:\/\/racine.gatoux.com\/lmdr\/index.php\/wp-json\/wp\/v2\/comments?post=480"}],"version-history":[{"count":3,"href":"https:\/\/racine.gatoux.com\/lmdr\/index.php\/wp-json\/wp\/v2\/pages\/480\/revisions"}],"predecessor-version":[{"id":541,"href":"https:\/\/racine.gatoux.com\/lmdr\/index.php\/wp-json\/wp\/v2\/pages\/480\/revisions\/541"}],"wp:attachment":[{"href":"https:\/\/racine.gatoux.com\/lmdr\/index.php\/wp-json\/wp\/v2\/media?parent=480"}],"curies":[{"name":"wp","href":"https:\/\/api.w.org\/{rel}","templated":true}]}}