{"id":59,"date":"2017-04-22T11:36:28","date_gmt":"2017-04-22T09:36:28","guid":{"rendered":"http:\/\/www.gatoux.com\/?page_id=59"},"modified":"2017-04-24T10:16:51","modified_gmt":"2017-04-24T08:16:51","slug":"sommaire","status":"publish","type":"page","link":"https:\/\/racine.gatoux.com\/lmdr\/index.php\/sommaire\/","title":{"rendered":"Sommaire OSI"},"content":{"rendered":"<table border=\"0\" width=\"100%\" cellspacing=\"2\" cellpadding=\"0\">\n<tbody>\n<tr>\n<td>\n<p align=\"left\"><span class=\"navig\"><span style=\"font-family: Arial,Helvetica,sans-serif;\"><span style=\"font-size: small;\"><strong>Chapitre 1 : <\/strong><\/span><\/span><a href=\"http:\/\/www.gatoux.com\/index.php\/2017\/04\/22\/lanalogie\/\"><u><span style=\"color: #800080;\">L&rsquo;analogie<\/span><\/u><\/a><\/span><\/p>\n<blockquote><p>Le parall\u00e8le entre votre armoire de rangement vestimentaire et le mod\u00e8le OSI. Lisez-\u00e7a, c&rsquo;est \u00e9difiant ! Si vous n&rsquo;avez rien compris &#8230; Arr\u00eatez-l\u00e0 !<\/p><\/blockquote>\n<p class=\"navig\"><strong>Chapitre 2<\/strong> : <a href=\"http:\/\/www.gatoux.com\/index.php\/qui-quoi-pourquoi\/\"><span style=\"color: #ff0000;\"><u>Qui, Quoi, Pourquoi ?<\/u><\/span><\/a><\/p>\n<blockquote><p>Plus s\u00e9rieusement, qui a d\u00e9velopp\u00e9 le mod\u00e8le OSI, quelle est sa structure g\u00e9n\u00e9rale et comment justifier son existence ?<\/p><\/blockquote>\n<p class=\"navig\"><strong>Chapitre 3<\/strong> : <a href=\"http:\/\/www.gatoux.com\/index.php\/comment-ca-marche\/\"><span style=\"color: #ff0000;\"><u>Comment \u00e7a marche ?<\/u><\/span><\/a><\/p>\n<blockquote><p>Comprendre le m\u00e9canisme de l&rsquo;encapsulation sous le mod\u00e8le OSI par l&rsquo;analogie avec La Poste ! Mais, l&rsquo;encapsulation est-elle sp\u00e9cifique au mod\u00e8le OSI ? La r\u00e9ponse est dans cette page &#8230;<\/p><\/blockquote>\n<p class=\"navig\"><strong>Chapitre 4<\/strong> : <a href=\"http:\/\/www.gatoux.com\/index.php\/structure-generale\/\"><u><span style=\"color: #0000ff;\">Structure g\u00e9n\u00e9rale<\/span><\/u><\/a><\/p>\n<blockquote><p>R\u00f4les et fonctions g\u00e9n\u00e9rales des couches.<br \/>\nNotion de services rendus entre couches. Le dialogue inter-couche&#8230; Accrochez-vous un peu &#8230;<\/p><\/blockquote>\n<p class=\"navig\"><strong>Chapitre 5<\/strong> : <a href=\"http:\/\/www.gatoux.com\/index.php\/la-liaison-de-donnees\/\"><u><span style=\"color: #0000ff;\">La liaison de donn\u00e9es<\/span><\/u><\/a><\/p>\n<blockquote><p>Comment simplifier une connexion complexe en un aboutement de connexions simples ? (On n&rsquo;est pas loin du pl\u00e9onasme !)<br \/>\nMais d&rsquo;abord c&rsquo;est quoi la diff\u00e9rence entre une DTE et un DCE ?<\/p><\/blockquote>\n<p class=\"navig\"><strong>Chapitre 6<\/strong> : <a href=\"http:\/\/www.gatoux.com\/index.php\/la-couche-physique\/\"><u><span style=\"color: #0000ff;\">La couche Physique<\/span><\/u><\/a><\/p>\n<blockquote><p>Comment transmettre des bits sur deux fils ? Quand est-il du r\u00f4le du modem ? Est-ce si simple ?<br \/>\nA quoi faut-il penser pour \u00e9mettre des donn\u00e9es \u00e0 travers un support physique ?<\/p><\/blockquote>\n<p class=\"navig\"><strong>Chapitre 7<\/strong> : <a href=\"http:\/\/www.gatoux.com\/index.php\/la-couche-liaison\/\"><u><span style=\"color: #0000ff;\">La couche Liaison<\/span><\/u><\/a><\/p>\n<blockquote><p>Un support n&rsquo;est jamais parfait ! Il faut sans cesse le contr\u00f4ler ! La couche 2 veille au grain !<br \/>\nAllez donc voir quelques une de ses fonctions les plus int\u00e9ressantes !<\/p><\/blockquote>\n<p class=\"navig\"><strong>Chapitre 8<\/strong> : <a href=\"http:\/\/www.gatoux.com\/index.php\/la-couche-reseau\/\"><u><span style=\"color: #0000ff;\">La couche R\u00e9seau<\/span><\/u><\/a><\/p>\n<blockquote><p>Un r\u00e9seau informatique est au moins aussi complexe que le r\u00e9seau autoroutier fran\u00e7ais ! Il faut pourtant pouvoir y circuler ! Alors on utilise des notions d&rsquo;adresses, de priorit\u00e9, de fragmentation, etc &#8230;<br \/>\nEn prime un petit expos\u00e9 sur les notions de \u00ab\u00a0mode connect\u00e9\u00a0\u00bb et \u00ab\u00a0non connect\u00e9\u00a0\u00bb, allez voir !<\/p><\/blockquote>\n<p class=\"navig\"><strong>Couche 9<\/strong> : <a href=\"http:\/\/www.gatoux.com\/index.php\/la-couche-transport\/\"><u><span style=\"color: #0000ff;\">La couche Transport<\/span><\/u><\/a><\/p>\n<blockquote><p>L\u00e0 o\u00f9 on parle de gestion de flux, de connexion de process et de fronti\u00e8re entre l&rsquo;informatique<br \/>\net la t\u00e9l\u00e9informatique ! Pourquoi pas ? Apr\u00e8s tout il s&rsquo;est tellement fatigu\u00e9 \u00e0 \u00e9crire tout \u00e7a !<\/p><\/blockquote>\n<p class=\"navig\"><strong>Chapitre 10<\/strong> : <a href=\"http:\/\/www.gatoux.com\/index.php\/la-couche-session\/\"><u><span style=\"color: #0000ff;\">La couche Session<\/span><\/u><\/a><\/p>\n<blockquote><p>Dans le chapitre \u00ab\u00a0<span class=\"onomatope\">Pourquoi faire simple, quand on peut faire compliqu\u00e9 !<\/span>\u00a0\u00bb Une couche apparemment semblable aux autres mais reconstruite de toutes parts &#8230; Ca vous rappelle pas, Monsieur Bionique \u00e7a ?<\/p><\/blockquote>\n<p class=\"navig\"><strong>Chapitre 11<\/strong> : <a href=\"http:\/\/www.gatoux.com\/index.php\/la-couche-presentation\/\"><u><span style=\"color: #0000ff;\">La couche Pr\u00e9sentation<\/span><\/u><\/a><\/p>\n<blockquote><p>Avis aux traducteurs ! Votre couche est LA !! L&rsquo;endroit o\u00f9 l&rsquo;on parle d&rsquo;adaptation de syntaxe, d&rsquo;esp\u00e9ranto et autres langages universels, pour une meilleure compr\u00e9hension de tous ! La CEE quoi !<\/p><\/blockquote>\n<p class=\"navig\"><strong>Chapitre 12<\/strong> : <a href=\"http:\/\/www.gatoux.com\/index.php\/la-couche-application\/\"><u><span style=\"color: #0000ff;\">La couche Application<\/span><\/u><\/a><\/p>\n<blockquote><p>Du service ! Du service ! Voil\u00e0 le r\u00f4le de la couche Application ! Allez donc voir tout ce qu&rsquo;elle peut vous apporter ! Enfin, surtout \u00e0 votre application !<br \/>\nIci on vous parlera de transfert de fichier FTAM, annuaire X500, messagerie X400 etc &#8230;<\/p><\/blockquote>\n<p class=\"navig\"><strong>Chapitre 13<\/strong> : <a href=\"http:\/\/www.gatoux.com\/index.php\/conclusion\/\"><u><span style=\"color: #0000ff;\">La conclusion<\/span><\/u><\/a><\/p>\n<blockquote><p>L&rsquo;essentiel n&rsquo;est pas ce que l&rsquo;on croit ! Douze pages pour ne finalement retenir qu&rsquo;une phrase !<\/p><\/blockquote>\n<\/td>\n<\/tr>\n<\/tbody>\n<\/table>\n<table border=\"0\" width=\"100%\" cellspacing=\"2\" cellpadding=\"0\">\n<tbody>\n<tr>\n<td>\n<div id=\"im_loc1\"><\/div>\n<h6 align=\"center\"><\/h6>\n<h4 align=\"center\"><a href=\"http:\/\/www.gatoux.com\/index.php\/introduction\/\">Page pr\u00e9c\u00e9dente<\/a> | <a href=\"http:\/\/www.gatoux.com\/index.php\/lanalogie\/\">Page Suivante\u00a0<\/a><\/h4>\n<\/td>\n<\/tr>\n<\/tbody>\n<\/table>\n","protected":false},"excerpt":{"rendered":"<p>Chapitre 1 : L&rsquo;analogie Le parall\u00e8le entre votre armoire de rangement vestimentaire et le mod\u00e8le OSI. Lisez-\u00e7a, c&rsquo;est \u00e9difiant ! Si vous n&rsquo;avez rien compris &#8230; Arr\u00eatez-l\u00e0 ! Chapitre 2 : Qui, Quoi, Pourquoi ? Plus s\u00e9rieusement, qui a d\u00e9velopp\u00e9 le mod\u00e8le OSI, quelle est sa structure g\u00e9n\u00e9rale et comment justifier son existence ? Chapitre\u2026 <span class=\"read-more\"><a href=\"https:\/\/racine.gatoux.com\/lmdr\/index.php\/sommaire\/\">Lire la suite &raquo;<\/a><\/span><\/p>\n","protected":false},"author":1,"featured_media":0,"parent":0,"menu_order":2,"comment_status":"closed","ping_status":"closed","template":"page-templates\/full-width.php","meta":{"_exactmetrics_skip_tracking":false,"_exactmetrics_sitenote_active":false,"_exactmetrics_sitenote_note":"","_exactmetrics_sitenote_category":0,"footnotes":""},"class_list":["post-59","page","type-page","status-publish","hentry"],"_links":{"self":[{"href":"https:\/\/racine.gatoux.com\/lmdr\/index.php\/wp-json\/wp\/v2\/pages\/59","targetHints":{"allow":["GET"]}}],"collection":[{"href":"https:\/\/racine.gatoux.com\/lmdr\/index.php\/wp-json\/wp\/v2\/pages"}],"about":[{"href":"https:\/\/racine.gatoux.com\/lmdr\/index.php\/wp-json\/wp\/v2\/types\/page"}],"author":[{"embeddable":true,"href":"https:\/\/racine.gatoux.com\/lmdr\/index.php\/wp-json\/wp\/v2\/users\/1"}],"replies":[{"embeddable":true,"href":"https:\/\/racine.gatoux.com\/lmdr\/index.php\/wp-json\/wp\/v2\/comments?post=59"}],"version-history":[{"count":4,"href":"https:\/\/racine.gatoux.com\/lmdr\/index.php\/wp-json\/wp\/v2\/pages\/59\/revisions"}],"predecessor-version":[{"id":120,"href":"https:\/\/racine.gatoux.com\/lmdr\/index.php\/wp-json\/wp\/v2\/pages\/59\/revisions\/120"}],"wp:attachment":[{"href":"https:\/\/racine.gatoux.com\/lmdr\/index.php\/wp-json\/wp\/v2\/media?parent=59"}],"curies":[{"name":"wp","href":"https:\/\/api.w.org\/{rel}","templated":true}]}}