{"id":65,"date":"2017-04-22T11:37:26","date_gmt":"2017-04-22T09:37:26","guid":{"rendered":"http:\/\/www.gatoux.com\/?page_id=65"},"modified":"2017-04-24T10:36:31","modified_gmt":"2017-04-24T08:36:31","slug":"qui-quoi-pourquoi","status":"publish","type":"page","link":"https:\/\/racine.gatoux.com\/lmdr\/index.php\/qui-quoi-pourquoi\/","title":{"rendered":"Qui, quoi, pourquoi ?"},"content":{"rendered":"<h2>Quoi : Qu&rsquo;est-ce que \u00e7a veut dire ?<\/h2>\n<p><span style=\"color: #ff0000; font-family: Arial; font-size: small;\"><strong>Mod\u00e9le OSI<\/strong><\/span><span style=\"font-family: Arial; font-size: small;\"> : <\/span><span style=\"color: #ff0000; font-family: Arial; font-size: small;\"><strong>Model<\/strong><\/span><span style=\"font-family: Arial; font-size: small;\"> for <\/span><span style=\"color: #ff0000; font-family: Arial; font-size: small;\"><strong>O<\/strong><\/span><span style=\"font-family: Arial; font-size: small;\">pen <\/span><span style=\"color: #ff0000; font-family: Arial; font-size: small;\"><strong>S<\/strong><\/span><span style=\"font-family: Arial; font-size: small;\">ystems <\/span><span style=\"color: #ff0000; font-family: Arial; font-size: small;\"><strong>I<\/strong><\/span><span style=\"font-family: Arial; font-size: small;\">nterconnexion<\/span><\/p>\n<p><img loading=\"lazy\" decoding=\"async\" class=\"size-full wp-image-140 alignright\" src=\"http:\/\/www.gatoux.com\/wp-content\/uploads\/2017\/04\/S1P4I2.gif\" alt=\"\" width=\"221\" height=\"225\" \/><span style=\"font-family: Arial; font-size: small;\"><em><strong>Interconnexion de syst\u00e8mes ouverts (en fran\u00e7ais dans le texte).<\/strong><\/em><\/span><\/p>\n<p><strong>Syst\u00e8me ouvert<\/strong> : Se dit d&rsquo;un syst\u00e8me informatique (g\u00e9n\u00e9ralement un ordinateur, mais pas forc\u00e9ment) qui d\u00e9sire \u00e9changer des donn\u00e9es avec un autre. Il est alors sous entendu que ces syst\u00e9mes sont interconnect\u00e9s par un r\u00e9seau. Celui-ci peut partir de sa plus simple expression (une liaison filaire unique et directe) \u00e0 une configuration extr\u00eamement complexe (Internet, par exemple !).<\/p>\n<p>&nbsp;<\/p>\n<h2>Quoi : Qu&rsquo;est-ce que c&rsquo;est ?<\/h2>\n<p>Le mod\u00e8le OSI a \u00e9t\u00e9 mis au point pour <strong><span style=\"color: #ff0000; font-family: Arial; font-size: small;\">faciliter les \u00e9changes de donn\u00e9es entre syst\u00e8mes ouverts<\/span><\/strong> (nous dirons dor\u00e9navant : entre \u00e9quipements ou syst\u00e8mes informatiques). C&rsquo;est un environnement (ou mod\u00e8le) normalis\u00e9. Cette normalisation est complexe et intervient \u00e0 diff\u00e9rents niveaux :<\/p>\n<ul>\n<li>Il existe une <strong><span style=\"color: #ff0000; font-family: Arial; font-size: small;\">norme de structure<\/span><\/strong> d\u00e9finissant le nombre des couches, leurs r\u00f4les, leurs places dans l&rsquo;environnement et la m\u00e9thode de circulation des informations entre elles.<\/li>\n<li>Il existe, pour chaque couche, un ensemble de normes de services, qui d\u00e9finissent les fonctions (ou services) rendues par la couche aux autres couches directement adjacentes (directement au-dessus ou en-dessous d&rsquo;elle). Ces normes d\u00e9finissent des <strong><span style=\"color: #ff8000; font-family: Arial; font-size: small;\">classes de services<\/span><\/strong><span style=\"font-family: Arial; font-size: small;\">, <\/span>pour une couche donn\u00e9e il peut exister plusieurs classes de services.<\/li>\n<li>Il existe, pour chaque couche, des <strong><span style=\"color: #ff0000; font-family: Arial; font-size: small;\">normes protocolaires<\/span><\/strong><span style=\"font-family: Arial; font-size: small;\">. <\/span>Une m\u00eame couche peut donc supporter plusieurs sous-programmes (ou protocoles, nous reviendront sur le sujet un peu plus tard), qui lui permettent de rendre les services d\u00e9finis par les normes de services.<\/li>\n<\/ul>\n<p>Toutes ces normes sont g\u00e9n\u00e9ralement recens\u00e9es par des Avis (ou Recommandations) \u00e9manant de l&rsquo;ITU-T (nous allons y venir) ou de l&rsquo;ISO (l\u00e0 aussi on va y venir). Les avis ITU-T relatifs au mod\u00e8le OSI commencent tous par <strong><span style=\"color: #ff0000;\">X<\/span><\/strong>num\u00e9ro (exemple X224) et par leur \u00e9quivalent ISO (exemple ISO 8073).<\/p>\n<h2>Qui : Qui l&rsquo;a d\u00e9fini, ce mod\u00e8le ?<\/h2>\n<p>Ce mod\u00e8le rel\u00e8ve des travaux de <span style=\"font-family: Arial; font-size: small;\">l&rsquo;<\/span><span style=\"color: #ff0000; font-family: Arial; font-size: small;\"><b>ITU-T<\/b><\/span> (ex CCITT) qui est une \u00e9manation europ\u00e9enne de <span style=\"font-family: Arial; font-size: small;\">l&rsquo;<\/span><span style=\"color: #ff0000; font-family: Arial; font-size: small;\"><strong>ISO<\/strong><\/span><span style=\"font-family: Arial; font-size: small;\">. <\/span>C&rsquo;est clair ?<\/p>\n<p>En gros, il existe une hi\u00e9rarchie dans les organismes de normalisation :<\/p>\n<ul>\n<li><span style=\"font-family: Verdana,Arial,Helvetica,sans-serif;\"><span style=\"font-size: small;\"><span style=\"color: #ff0000;\"><strong>ISO<\/strong><\/span> : <span style=\"color: #ff0000;\"><strong>I<\/strong><\/span>nternational <span style=\"color: #ff0000;\"><strong>S<\/strong><\/span>tandardization <span style=\"color: #ff0000;\"><strong>O<\/strong><\/span>rganisation (He oui ! Rien \u00e0 voir avec OSI ! Mais pour la petite histoire &#8230;) : Organisme de Standardisation International (soit donc, OSI en fran\u00e7ais !). Regroupement de <span style=\"color: #ff8000;\"><strong>constructeurs et administratifs mondiaux qui d\u00e9finissent des normes<\/strong><\/span> allant de la forme standard d&rsquo;une lunette de WC \u00e0 la m\u00e9thode de codage des informations \u00e9mises par Voyager II vers Houston ! (J&rsquo;exag\u00e8re \u00e0 peine !). <\/span><\/span><a href=\"http:\/\/www.iso.ch\/memf\/memento.html\" target=\"_blank\" rel=\"noopener noreferrer\"><span style=\"color: #0000ff; font-family: Verdana,Arial,Helvetica,sans-serif; font-size: small;\"><u>Allez voir ici<\/u><\/span><\/a><span style=\"font-family: Verdana,Arial,Helvetica,sans-serif; font-size: small;\">, et vous verrez de quoi ils s&rsquo;occupent ! <\/span><\/li>\n<li><span style=\"font-family: Verdana,Arial,Helvetica,sans-serif;\"><span style=\"font-size: small;\"><b><span style=\"color: #ff0000;\">ITU<\/span><\/b> : <span style=\"color: #ff0000;\"><strong>I<\/strong><\/span>nternational <span style=\"color: #ff0000;\"><strong>T<\/strong><\/span>\u00e9l\u00e9communication <span style=\"color: #ff0000;\"><strong>U<\/strong><\/span>nion, \u00e9manation essentiellement europ\u00e9enne de l&rsquo;ISO en charge sp\u00e9cifiquement des probl\u00e8mes de t\u00e9l\u00e9communications au sens large (t\u00e9l\u00e9phonie compris). <span style=\"color: #ff8000;\"><strong>C&rsquo;est le nouveau nom du CCITT<\/strong><\/span>. <\/span><\/span><a href=\"http:\/\/www.itu.int\/publications\/online\/index.html\" target=\"_blank\" rel=\"noopener noreferrer\"><span style=\"color: #0000ff; font-family: Verdana,Arial,Helvetica,sans-serif; font-size: small;\"><u>Allez voir ici<\/u><\/span><\/a><span style=\"font-family: Verdana,Arial,Helvetica,sans-serif; font-size: small;\">, et vous verrez les principaux domaines d&rsquo;application de l&rsquo;UIT-<span style=\"color: #ff0000;\"><b>T<\/b><\/span>. <\/span><\/li>\n<li><span style=\"font-family: Verdana,Arial,Helvetica,sans-serif;\"><span style=\"font-size: small;\">En descendant encore un peu dans la hi\u00e9rarchie on trouve les organismes nationaux de normalisation, l&rsquo;<span style=\"color: #ff8040;\"><strong>AFNOR<\/strong><\/span> en France et aussi la DGPT (Direction G\u00e9n\u00e9rale des Postes et T\u00e9l\u00e9communications), l&rsquo;<span style=\"color: #ff8040;\"><strong>ANSI<\/strong><\/span> (American National Standard Institute) aux U.S ou l&rsquo;<span class=\"insiste\">IEEE<\/span> (<span class=\"insiste\">I<\/span>nstitute of <span class=\"insiste\">E<\/span>lectrical and <span class=\"insiste\">E<\/span>lectronics <span class=\"insiste\">E<\/span>ngineers : <span class=\"onomatope\">Merci \u00e0 Papy pour cette pr\u00e9cision<\/span>).<\/span> <\/span><\/li>\n<\/ul>\n<p>Bref, une <a href=\"http:\/\/www.iso.ch\/infof\/stbodies.html\" target=\"_blank\" rel=\"noopener noreferrer\">pl\u00e9thore d&rsquo;organismes de normalisation<\/a>, se partageant l&rsquo;int\u00e9ressant travail, consistant \u00e0 se <a href=\"http:\/\/www.itu.int\/events\/index.asp\" target=\"_blank\" rel=\"noopener noreferrer\">r\u00e9unir r\u00e9guli\u00e8rement dans un pays chaud<\/a>, ensoleill\u00e9 et en bord de plage g\u00e9n\u00e9ralement, pour d\u00e9battre longuement en sirotant un cocktail, du bien fond\u00e9 de telle ou telle normalisation, et des modifications \u00e0 y apporter. Je plaisante !!<\/p>\n<p>Les principes de normalisation sont extr\u00eamement complexes, et on se perd facilement dans la for\u00eat dense des organismes. Mais un principe se d\u00e9gage g\u00e9n\u00e9ralement :<\/p>\n<ul>\n<li>Un constructeur fabrique un \u00e9quipement qui veut rendre certaines fonctions.<\/li>\n<li>Cet \u00e9quipement pla\u00eet beaucoup aux utilisateurs, qui l&rsquo;ach\u00e8tent \u00e0 la pelle !<\/li>\n<li>Le constructeur devient alors tr\u00e8s implant\u00e9. Il peut (mais pas toujours) publier ses travaux pour que d&rsquo;autres fassent la m\u00eame chose, et permettre ainsi aux utilisateurs d&rsquo;acheter, d&rsquo;acheter, d&rsquo;acheter, &#8230;<\/li>\n<li>Un jour, le constructeur se r\u00e9veille et se rend compte que ce qu&rsquo;il a cr\u00e9\u00e9 est devenu : une norme de fait. Tout le monde est d&rsquo;accord, il y a consensus, pour utiliser ses normes \u00e0 lui ! Quelle cons\u00e9cration !<\/li>\n<li>Alors, le constructeur (attention, c&rsquo;est pas toujours lui qui d\u00e9cide !) peut proposer ses travaux pour une normalisation nationale (ou internationale).<\/li>\n<li>Ses recommandations, subiront g\u00e9n\u00e9ralement des petites modifications, pour rentrer dans le moule des sp\u00e9cifications normalis\u00e9es. Mais ce ne sera g\u00e9n\u00e9ralement pas trop loin.<\/li>\n<li>Enfin l&rsquo;organisme de normalisation nationale (IEEE par exemple) peut proposer cette norme au niveau international au prix parfois de quelques nouvelles modifications. Alors l\u00e0 ! C&rsquo;est la mise en orbite du constructeur !<\/li>\n<\/ul>\n<h2>Pourquoi : Ou plut\u00f4t pour quoi faire ?<\/h2>\n<p>Pour expliquer simplement, logiquement, de <span style=\"color: #ff0000; font-family: Arial; font-size: small;\"><strong>mani\u00e8re structur\u00e9e<\/strong><\/span> comment les \u00e9changes de donn\u00e9es entre syst\u00e8mes ouverts \u00e0 travers un r\u00e9seau peuvent avoir lieu. Il \u00e9tait, vous l&rsquo;aurez compris, n\u00e9cessaire de d\u00e9finir un mod\u00e8le de communication auquel chacun pourrait se raccrocher pour structurer son propre mod\u00e8le de communication.<\/p>\n<p>L&rsquo;ISO a donc, \u00e0 travers le mod\u00e8le OSI, fourni aux t\u00e9l\u00e9informaticiens une formidable bo\u00eete \u00e0 outils. Celle-ci est non seulement une bo\u00eete avec des casiers bien identifi\u00e9s pour ranger les choses (protocoles) \u00e0 leur place, mais elle est livr\u00e9e pleine (ou presque). En effet, li\u00e9es \u00e0 cet environnement nous trouverons pl\u00e9thore de normes protocolaires directement utilisables : les outils, quoi !<\/p>\n<h2 align=\"left\">Conclusion interm\u00e9diaire<\/h2>\n<p align=\"left\">Vous savez maintenant, qui a d\u00e9velopp\u00e9 OSI (pour information, les travaux ont commenc\u00e9 en 1970 tout de m\u00eame !), \u00e0 quoi il sert et pourquoi il est l\u00e0. Cela n&rsquo;est d\u00e9j\u00e0 pas si mal !<\/p>\n<p align=\"left\">Mais au fait :<\/p>\n<ul>\n<li>Comment \u00e7a marche ?<\/li>\n<li>Quelle est sa structure ?<\/li>\n<li>Quels sont les protocoles qui sont associ\u00e9s \u00e0 cet environnement ?<\/li>\n<li>Comment l&rsquo;utilise-t-on ? Et d&rsquo;ailleurs, l&rsquo;utilise-t-on vraiment ?<\/li>\n<\/ul>\n<p align=\"left\">Encore beaucoup de questions auxquelles je vais tenter de r\u00e9pondre dans les pages suivantes.<\/p>\n<h5 align=\"center\"><a href=\"http:\/\/www.gatoux.com\/index.php\/lanalogie\/\">Page pr\u00e9c\u00e9dente<\/a> | <a href=\"http:\/\/www.gatoux.com\/index.php\/structure-generale\/\">Page Suivante\u00a0<\/a><\/h5>\n","protected":false},"excerpt":{"rendered":"<p>Quoi : Qu&rsquo;est-ce que \u00e7a veut dire ? Mod\u00e9le OSI : Model for Open Systems Interconnexion Interconnexion de syst\u00e8mes ouverts (en fran\u00e7ais dans le texte). Syst\u00e8me ouvert : Se dit d&rsquo;un syst\u00e8me informatique (g\u00e9n\u00e9ralement un ordinateur, mais pas forc\u00e9ment) qui d\u00e9sire \u00e9changer des donn\u00e9es avec un autre. Il est alors sous entendu que ces syst\u00e9mes\u2026 <span class=\"read-more\"><a href=\"https:\/\/racine.gatoux.com\/lmdr\/index.php\/qui-quoi-pourquoi\/\">Lire la suite &raquo;<\/a><\/span><\/p>\n","protected":false},"author":1,"featured_media":0,"parent":0,"menu_order":4,"comment_status":"closed","ping_status":"closed","template":"page-templates\/full-width.php","meta":{"_exactmetrics_skip_tracking":false,"_exactmetrics_sitenote_active":false,"_exactmetrics_sitenote_note":"","_exactmetrics_sitenote_category":0,"footnotes":""},"class_list":["post-65","page","type-page","status-publish","hentry"],"_links":{"self":[{"href":"https:\/\/racine.gatoux.com\/lmdr\/index.php\/wp-json\/wp\/v2\/pages\/65","targetHints":{"allow":["GET"]}}],"collection":[{"href":"https:\/\/racine.gatoux.com\/lmdr\/index.php\/wp-json\/wp\/v2\/pages"}],"about":[{"href":"https:\/\/racine.gatoux.com\/lmdr\/index.php\/wp-json\/wp\/v2\/types\/page"}],"author":[{"embeddable":true,"href":"https:\/\/racine.gatoux.com\/lmdr\/index.php\/wp-json\/wp\/v2\/users\/1"}],"replies":[{"embeddable":true,"href":"https:\/\/racine.gatoux.com\/lmdr\/index.php\/wp-json\/wp\/v2\/comments?post=65"}],"version-history":[{"count":6,"href":"https:\/\/racine.gatoux.com\/lmdr\/index.php\/wp-json\/wp\/v2\/pages\/65\/revisions"}],"predecessor-version":[{"id":144,"href":"https:\/\/racine.gatoux.com\/lmdr\/index.php\/wp-json\/wp\/v2\/pages\/65\/revisions\/144"}],"wp:attachment":[{"href":"https:\/\/racine.gatoux.com\/lmdr\/index.php\/wp-json\/wp\/v2\/media?parent=65"}],"curies":[{"name":"wp","href":"https:\/\/api.w.org\/{rel}","templated":true}]}}